) - 3. Suppose 367 = 3*y + 5*j, -3*y + 439 = 2*j + 69. Suppose n*c + c - y = 0. What are the prime factors of c?
2, 31
Let n(w) be the second derivative of w**4/6 - w**3/2 - 3*w**2/2 - 7*w. Suppose -z + 0*v + 5*v + 16 = 0, 0 = -v - 4. What are the prime factors of n(z)?
41
Suppose -2332*s - 413100 = -2359*s. What are the prime factors of s?
2, 3, 5, 17
Suppose 6*v = 3*v + 2*v + 31196. What are the prime factors of v?
2, 11, 709
Suppose -204*j + 156*j + 684048 = 0. List the prime factors of j.
14251
Let w = -8049 + 22640. What are the prime factors of w?
14591
Let p be 7/(-21) - (336/(-9) - -1). Suppose -35*d - 3 = -p*d. List the prime factors of -6 + d + 115 + -2.
2, 5, 11
Suppose 0 = 10*l - 3 - 7. Let b be (2/l - (56 + -4))*1. Let w = 98 + b. What are the prime factors of w?
2, 3
Let g be (-20)/(-1) - (-2 + 8). Let s = g + 47. What are the prime factors of s?
61
Suppose -5*f + 4368 = 4*u, -f + 2*u = -589 - 293. Suppose -f = -4*q + 5*i, 4*q - 5*i = 3*q + 234. What are the prime factors of q?
2, 107
Let p be 6 + -1 + (1 - 0). Let x(m) = -m**3 + 7*m**2 + 47*m + 472. Let g be x(13). Let v = g - p. What are the prime factors of v?
3, 7
What are the prime factors of -6*(-6)/(-27)*214275/250*-25?
2, 5, 2857
Let t(q) = -q**2 - 2*q + 25. Suppose 0*k = 3*k + 123. Let c = -41 - k. List the prime factors of t(c).
5
Let f = -56 + 60. Suppose -2*d + f*u = 3*d - 968, -d = 4*u - 184. Suppose -t = 3*b - 68, 4*t - 5*b = d + 80. What are the prime factors of t?
2, 17
Let l(y) = 630*y**2 - 230*y + 141. What are the prime factors of l(12)?
3, 13, 251
Let a(m) = -m - 4. Let l(i) = 2*i**2 + 3*i + 9. Let x(q) = 5*a(q) + 2*l(q). Suppose 0 = 3*y - 7 - 5. What are the prime factors of x(y)?
2, 3, 11
Let i(v) = v**3 - 5*v**2 + 3. Let y be i(5). Suppose -y*r + 2*w = -1298, 2*r + 3*w - 322 = 565. List the prime factors of r.
2, 109
Suppose 79 = -11*n - 6620. Let s = n + 884. What are the prime factors of s?
5, 11
Suppose -71*c + 15714 = 3*m - 72*c, 15714 = 3*m + 2*c. List the prime factors of m.
2, 3, 97
Let v = -16531 - -25195. What are the prime factors of v?
2, 3, 19
Let a(h) = 8*h**2 - 16 + 2*h - 6*h + 4*h + 3*h. Let t(q) = -q**2 - q + 1. Let c(n) = a(n) + 3*t(n). List the prime factors of c(4).
67
Let a = 32983 + -13888. What are the prime factors of a?
3, 5, 19, 67
Suppose -4*q = 11*q - 30. Suppose -2*f - 3*f = -3*t - 4419, 3*f - 2640 = -q*t. List the prime factors of f.
2, 3, 7
List the prime factors of 94/141 - (-35148)/9.
2, 3, 7, 31
Let t(u) = 3*u. Let g(p) = -13*p + 1. Let k(j) = 2*g(j) + 9*t(j). Let x be k(-5). Let a(r) = -74*r - 12. List the prime factors of a(x).
2, 3, 5, 7
Let a(s) = -7*s + 100. Let i be a(12). List the prime factors of (-11)/(-44) + 4252/i.
2, 7, 19
Suppose 0 = -3*c - 5*r + 22894, 9*r = 5*c + 5*r - 38169. What are the prime factors of c?
17, 449
Let t = -16756 + 27595. What are the prime factors of t?
3, 3613
Let b(d) = -3*d**3 + 4*d - 15. Let k(o) = -o**3 + o**2 + 1. Let y(i) = -b(i) + k(i). List the prime factors of y(4).
2, 3
Let i be (144/(-28) - -4)*(-11 + -3). Suppose 305 = -i*v + 1297. What are the prime factors of v?
2, 31
Let o(b) = 44*b**2 + 91*b + 234. What are the prime factors of o(-26)?
2, 3, 13, 59
Let r(p) be the second derivative of -17*p**3/6 + 9*p**2/2 - p + 2. Let j be (10/(-8))/((-1)/(-4)). What are the prime factors of r(j)?
2, 47
Let x = 1536 + -2674. Let k = -527 - x. What are the prime factors of k?
13, 47
Let c(h) = h - 11. Let f be c(9). List the prime factors of 168 + (252/(-117) - f/13).
2, 83
What are the prime factors of 316029/693*39 + (-2)/11?
5, 3557
List the prime factors of (1/(-2))/((-37)/678506) + 1 + -5.
3, 5, 13, 47
Suppose 16*g + 113 - 17 = 0. What are the prime factors of (-6)/9 + 7 + (-52)/g?
3, 5
Let d be (-24)/(-3) + -1722 - 4/2. Let a = -778 - d. List the prime factors of a.
2, 7, 67
Suppose 0 - 24 = -8*v. Suppose 0 = 4*n - v - 189. Suppose -2*c + n = c. What are the prime factors of c?
2
Let p = -64 - -46. Suppose 5*m + 10 = 5*i, 3*i - 63 + 42 = -2*m. List the prime factors of 61 - ((-95)/30 - m/p).
2
Let t(s) = s**3 + 14*s**2 - 8*s + 60. Suppose 0 = 2*p + z + 30, -p - 5*z = -z + 29. What are the prime factors of t(p)?
3, 37
Let c(p) = 9*p**3 - 2*p**2 + 3*p - 45. List the prime factors of c(9).
3, 709
Let y be 86/(-8) - (-10)/(-40). List the prime factors of y/((-308)/8) + (-356)/(-28).
13
Suppose -3*c - s = s - 30592, -s + 2 = 0. What are the prime factors of c?
2, 2549
Suppose 3*f - 36 = f. Let i(h) = 2*h**3 + 5*h**2 - 6*h - 6. Let o be i(-3). Let b = f - o. What are the prime factors of b?
3, 5
Let h be (-1194)/7 + -18 + (-47)/((-5922)/2340). Let g = -152 + 499. Let k = h + g. List the prime factors of k.
3, 59
Suppose 68 = 4*l + 2*p, -2*p = -4*l + p + 58. Suppose l*c = -0*c + 1424. List the prime factors of c.
89
Let t be (3 + -8*48)/(-1). Let p = t - 221. What are the prime factors of p?
2, 5
Suppose o - 2504 = -3*l, 0*o + l = 2*o - 5015. Let d = -1270 + o. What are the prime factors of d?
1237
What are the prime factors of (45168 - 1) + (-19)/((-513)/(-297))?
2, 3, 53, 71
Suppose -3*d = -5*g - 18697, -28*d + 25*d = -2*g - 18709. What are the prime factors of d?
17, 367
Suppose -6*g + 52 = -19*g. List the prime factors of (-764)/(1/(2/g)).
2, 191
Suppose 2946 + 232 = 7*b. Suppose 13*i = 2484 + b. What are the prime factors of i?
2, 113
Let h = 9 + -5. Suppose 3*m = 10 - h. List the prime factors of (-2)/(-2*m)*1968/24.
41
Suppose 7 = -4*h - 1, 2*h = -2*f + 740. Suppose c = 647 + f. List the prime factors of c.
1019
Suppose 35*l - 365468 = -96318. List the prime factors of l.
2, 5, 769
Suppose -8 = -6*p + 2*p. Suppose 4*a + 1049 = 2*g - 83, 5*a = -p*g + 1132. List the prime factors of g.
2, 283
Suppose 0 = -232*x + 215*x + 39864 + 182921. List the prime factors of x.
5, 2621
Let b(i) = -2*i**3 + 13*i**2 - 5*i - 7. Let m be b(6). List the prime factors of 131 + -5 - 1/(m/3).
3, 43
Suppose -52 = -6*r + 68. Let q = 21 + -10. Suppose -r*s + 225 = -q*s. List the prime factors of s.
5
Let c(w) = w**2 + 8*w - 1. Let j be c(-9). Let m be (-322)/j - 5/(-20). What are the prime factors of (-4)/(-2)*4/(m/(-155))?
31
Suppose 6*v + 3272 = 8*v + 442. What are the prime factors of v?
5, 283
Suppose 0 = 5*t + 3*z - 19026 - 2338, 2*z = -2*t + 8552. What are the prime factors of t?
2, 11, 97
Suppose 0 = 3*n - 5*n + 6. Suppose 4*v = -h + 3, -10 = n*v - 5*h + 5. List the prime factors of v + (9184/35 - 4/10).
2, 131
Suppose -1887*s - 1423480 = -2077*s. What are the prime factors of s?
2, 1873
Let a(b) = 62*b - 124. Let o be -4*76/(-57)*15/8. What are the prime factors of a(o)?
2, 31
Let o be (24*2/42)/(6/21). Let q(j) = 385*j + 10. List the prime factors of q(o).
2, 5, 31
Let a(s) = -2*s**3 - 18*s**2 + 21*s + 26. Let z(y) = y**3 - y**2 - y + 1. Let p(i) = -a(i) - 3*z(i). List the prime factors of p(16).
3, 107
Let k = -100 + 103. Let z(c) = -48*c. Let o be z(k). List the prime factors of 6*(-4)/o + 1049/6.
5, 7
Suppose 4*p + 2*v = 38, -v = 2*p - 4*v - 7. List the prime factors of ((-42)/4)/3*(p - 482).
3, 7, 79
Let c(n) = -n**2 + 1. Let h(o) = -3*o**2 + 13*o - 4. Let k(l) = -c(l) - h(l). Let u be k(6). Let q = u + -67. What are the prime factors of q?
2
Let y be -10 + (-1 + 0)*0. Let b = y + 12. Suppose q + 4*w = 3*w + 100, 186 = b*q - 5*w. List the prime factors of q.
2, 7
Let m be ((-2)/6)/((-9)/(-27)). Let i be ((1/2)/m)/((-6)/576). Suppose i = -6*n + 9*n. List the prime factors of n.
2
Let k(m) = m**3 + m**2 - 5*m - 3. Let w = -3 - -1. Let p be k(w). What are the prime factors of (p/5 + (-581)/10)*-2?
5, 23
Let r(z) = z**3 - 2*z**2 + 2*z. Let w be r(3). Let y(n) = n**2 - 8*n - 21. Let f be y(w). Suppose 0*g - m = g - f, 4*m = -8. List the prime factors of g.
2, 43
Suppose -11*d = -34646 - 31871. List the prime factors of d.
6047
Suppose -3*o - 5*h + 8903 = 0, 5*h = o - 3*o + 5942. List the prime factors of o.
3, 7, 47
Suppose 5*b - 29235 = -5*h, -4*b + 18 = 2. List the prime factors of h.
5843
Let l be 144*(6/16 - (-805)/184). Let h = -258 + l. What are the prime factors of h?
2, 3, 71
Suppose j = 3*i - 26140, 226*i - 228*i + 17404 = 5*j. List the prime factors of i.
2, 3, 11
Suppose 0 = -4*d - 3*j + 10, 7*d - 10*d + 14 = -j. What are the prime factors of d - (6 + 1 - 1488)?
3, 5, 11
Let u(i) = -11*i